{"id":4110,"date":"2013-03-29T13:22:24","date_gmt":"2013-03-29T11:22:24","guid":{"rendered":"https:\/\/www.smico.fr\/?page_id=4110"},"modified":"2025-03-28T16:44:19","modified_gmt":"2025-03-28T14:44:19","slug":"trucs-et-astuces","status":"publish","type":"page","link":"https:\/\/www.smico.fr\/?page_id=4110","title":{"rendered":"Trucs et astuces"},"content":{"rendered":"<div id='av_section_1'  class='avia-section main_color avia-section-default avia-no-shadow  avia-full-stretch avia-bg-style-scroll  avia-builder-el-0  avia-builder-el-no-sibling   container_wrap fullsize' style='background-repeat: no-repeat; background-image: url(https:\/\/www.smico.fr\/wp-content\/uploads\/FORMATIONHISSEO-1500x1000.jpg);background-attachment: scroll; background-position: center center;  '  data-section-bg-repeat='stretch'><div class='container' ><main  role=\"main\" itemprop=\"mainContentOfPage\"  class='template-page content  av-content-full alpha units'><div class='post-entry post-entry-type-page post-entry-4110'><div class='entry-content-wrapper clearfix'>\n<div  style='padding-bottom:22px; color:#af0000;' class='av-special-heading av-special-heading-h2 custom-color-heading blockquote modern-quote  avia-builder-el-1  el_before_av_hr  avia-builder-el-first  '><h2 class='av-special-heading-tag '  itemprop=\"headline\"  >TRUCS ET ASTUCES<\/h2><div class='special-heading-border'><div class='special-heading-inner-border' style='border-color:#af0000'><\/div><\/div><\/div>\n<div  style='height:200px' class='hr hr-invisible   avia-builder-el-2  el_after_av_heading  el_before_av_one_full '><span class='hr-inner ' ><span class='hr-inner-style'><\/span><\/span><\/div>\n<div class=\"flex_column av_one_full  avia-full-stretch flex_column_div av-zero-column-padding first  avia-builder-el-3  el_after_av_hr  el_before_av_one_full  \" style='background: rgba(255,255,255,0.55); border-width:1px; border-color:#af0000; border-style:solid; -webkit-transform: scale(1.2); -ms-transform: scale(1.2); transform: scale(1.2); z-index: 4;background-color:rgba(255,255,255,0.55); border-radius:0px; '><section class=\"av_textblock_section \"  itemscope=\"itemscope\" itemtype=\"https:\/\/schema.org\/CreativeWork\" ><div class='avia_textblock  '   itemprop=\"text\" ><p style=\"text-align: center;\"><span style=\"color: #993300;\"><strong>DOCAPOSTE<\/strong><\/span><\/p>\n<ul>\n<li><a href=\"https:\/\/www.smico.fr\/wp-content\/uploads\/DEMATERIALISATION-ACTES.pdf\" target=\"_blank\" rel=\"noopener\"><span style=\"color: #000080;\">La d\u00e9mat\u00e9rialisation des Actes Budg\u00e9taires <em>(FAST-Actes)<\/em><\/span><\/a><\/li>\n<\/ul>\n<\/div><\/section><\/div><div class=\"flex_column av_one_full  avia-full-stretch flex_column_div av-zero-column-padding first  avia-builder-el-5  el_after_av_one_full  el_before_av_one_full  column-top-margin\" style='background: rgba(255,255,255,0.54); border-width:1px; border-color:#af0000; border-style:solid; -webkit-transform: scale(1.2); -ms-transform: scale(1.2); transform: scale(1.2); z-index: 4;background-color:rgba(255,255,255,0.54); border-radius:0px; '><section class=\"av_textblock_section \"  itemscope=\"itemscope\" itemtype=\"https:\/\/schema.org\/CreativeWork\" ><div class='avia_textblock  '   itemprop=\"text\" ><p style=\"text-align: center;\"><span style=\"color: #993300;\"><strong>Portail ELIRE<\/strong><\/span><\/p>\n<ul>\n<li><span style=\"color: #000080;\"><a style=\"color: #000080;\" href=\"https:\/\/www.smico.fr\/wp-content\/uploads\/DEMARCHE-CartesElectorales-ELIRE.pdf\" target=\"_blank\" rel=\"noopener\">\u00c9dition des cartes \u00e9lectorales<\/a><\/span><\/li>\n<\/ul>\n<\/div><\/section><\/div><div class=\"flex_column av_one_full  avia-full-stretch flex_column_div av-zero-column-padding first  avia-builder-el-7  el_after_av_one_full  el_before_av_one_full  column-top-margin\" style='background: rgba(255,255,255,0.54); border-width:1px; border-color:#af0000; border-style:solid; -webkit-transform: scale(1.2); -ms-transform: scale(1.2); transform: scale(1.2); z-index: 4;background-color:rgba(255,255,255,0.54); border-radius:0px; '><section class=\"av_textblock_section \"  itemscope=\"itemscope\" itemtype=\"https:\/\/schema.org\/CreativeWork\" ><div class='avia_textblock  '   itemprop=\"text\" ><p style=\"text-align: center;\"><span style=\"color: #993300;\"><strong>TotEM<\/strong><\/span><\/p>\n<ul>\n<li><span style=\"color: #000080;\"><a style=\"color: #000080;\" href=\"https:\/\/www.smico.fr\/wp-content\/uploads\/CFU-TOTEM-TRESORERIE.pdf\" target=\"_blank\" rel=\"noopener\">Le contr\u00f4le du CFU dans TotEM avant transmission \u00e0 la Tr\u00e9sorerie<\/a><\/span><\/li>\n<li><span style=\"color: #000080;\"><a style=\"color: #000080;\" href=\"https:\/\/www.smico.fr\/wp-content\/uploads\/CFU-TOTEM-PREFECTURE.pdf\" target=\"_blank\" rel=\"noopener\">La validation et le scellement du CFU dans TotEM avant transmission \u00e0 la Pr\u00e9fecture<\/a><\/span><\/li>\n<\/ul>\n<\/div><\/section><\/div><div class=\"flex_column av_one_full  avia-full-stretch flex_column_div av-zero-column-padding first  avia-builder-el-9  el_after_av_one_full  el_before_av_one_full  column-top-margin\" style='background: rgba(255,255,255,0.55); border-width:1px; border-color:#b02b2c; border-style:solid; -webkit-transform: scale(1.2); -ms-transform: scale(1.2); transform: scale(1.2); z-index: 4;background-color:rgba(255,255,255,0.55); border-radius:0px; '><section class=\"av_textblock_section \"  itemscope=\"itemscope\" itemtype=\"https:\/\/schema.org\/CreativeWork\" ><div class='avia_textblock  '   itemprop=\"text\" ><p style=\"text-align: center;\"><span style=\"color: #993300;\"><strong>IASSISTANT JURIDIQUE<\/strong><\/span><\/p>\n<ul>\n<li><a href=\"https:\/\/www.smico.fr\/wp-content\/uploads\/Truc-et-Astuces-LexIA.pdf\" target=\"_blank\" rel=\"noopener\"><span style=\"color: #000080;\">Comment utiliser IAssistant Juridique<\/span><\/a><\/li>\n<\/ul>\n<\/div><\/section><\/div><div class=\"flex_column av_one_full  avia-full-stretch flex_column_div av-zero-column-padding first  avia-builder-el-11  el_after_av_one_full  el_before_av_one_full  column-top-margin\" style='background: rgba(255,255,255,0.55); border-width:1px; border-color:#b02b2c; border-style:solid; -webkit-transform: scale(1.2); -ms-transform: scale(1.2); transform: scale(1.2); z-index: 4;background-color:rgba(255,255,255,0.55); border-radius:0px; '><section class=\"av_textblock_section \"  itemscope=\"itemscope\" itemtype=\"https:\/\/schema.org\/CreativeWork\" ><div class='avia_textblock  '   itemprop=\"text\" ><p style=\"text-align: center;\"><span style=\"color: #993300;\"><strong>RGPD<\/strong><\/span><\/p>\n<\/div><\/section><\/div><div class=\"flex_column av_one_full  avia-full-stretch flex_column_div av-zero-column-padding first  avia-builder-el-13  el_after_av_one_full  el_before_av_hr  column-top-margin\" style='background: rgba(255,255,255,0.55); border-width:1px; border-color:#b02b2c; border-style:solid; -webkit-transform: scale(1.2); -ms-transform: scale(1.2); transform: scale(1.2); z-index: 4;background-color:rgba(255,255,255,0.55); border-radius:0px; '><section class=\"av_textblock_section \"  itemscope=\"itemscope\" itemtype=\"https:\/\/schema.org\/CreativeWork\" ><div class='avia_textblock  '   itemprop=\"text\" ><p style=\"text-align: center;\"><span style=\"color: #993300;\"><strong>H\u00c9O<\/strong><\/span><\/p>\n<\/div><\/section><\/div><div  style='height:100px' class='hr hr-invisible   avia-builder-el-15  el_after_av_one_full  el_before_av_hr '><span class='hr-inner ' ><span class='hr-inner-style'><\/span><\/span><\/div>\n<div  style='height:225px' class='hr hr-invisible   avia-builder-el-16  el_after_av_hr  avia-builder-el-last '><span class='hr-inner ' ><span class='hr-inner-style'><\/span><\/span><\/div>\n\n","protected":false},"excerpt":{"rendered":"","protected":false},"author":2,"featured_media":0,"parent":0,"menu_order":0,"comment_status":"closed","ping_status":"closed","template":"","meta":{"footnotes":""},"class_list":["post-4110","page","type-page","status-publish","hentry"],"_links":{"self":[{"href":"https:\/\/www.smico.fr\/index.php?rest_route=\/wp\/v2\/pages\/4110","targetHints":{"allow":["GET"]}}],"collection":[{"href":"https:\/\/www.smico.fr\/index.php?rest_route=\/wp\/v2\/pages"}],"about":[{"href":"https:\/\/www.smico.fr\/index.php?rest_route=\/wp\/v2\/types\/page"}],"author":[{"embeddable":true,"href":"https:\/\/www.smico.fr\/index.php?rest_route=\/wp\/v2\/users\/2"}],"replies":[{"embeddable":true,"href":"https:\/\/www.smico.fr\/index.php?rest_route=%2Fwp%2Fv2%2Fcomments&post=4110"}],"version-history":[{"count":94,"href":"https:\/\/www.smico.fr\/index.php?rest_route=\/wp\/v2\/pages\/4110\/revisions"}],"predecessor-version":[{"id":15532,"href":"https:\/\/www.smico.fr\/index.php?rest_route=\/wp\/v2\/pages\/4110\/revisions\/15532"}],"wp:attachment":[{"href":"https:\/\/www.smico.fr\/index.php?rest_route=%2Fwp%2Fv2%2Fmedia&parent=4110"}],"curies":[{"name":"wp","href":"https:\/\/api.w.org\/{rel}","templated":true}]}}