{"id":14539,"date":"2024-07-10T09:40:10","date_gmt":"2024-07-10T07:40:10","guid":{"rendered":"https:\/\/www.smico.fr\/?page_id=14539"},"modified":"2025-01-10T18:34:25","modified_gmt":"2025-01-10T16:34:25","slug":"page-accueil-marketplace-smico-bis","status":"publish","type":"page","link":"https:\/\/www.smico.fr\/","title":{"rendered":"PAGE CONNEXION GROUPEMENT ACHATS SMICO"},"content":{"rendered":"<div class='clear'><\/div><div id='sub_menu1'  class='av-submenu-container main_color  avia-builder-el-0  el_before_av_section  avia-builder-el-first  av-sticky-submenu  container_wrap fullsize' style='  z-index:301' ><div class='container av-menu-mobile-disabled '><ul id=\"menu-inscription-groupement-achats\" class=\"av-subnav-menu av-submenu-pos-right\"><li id=\"menu-item-14478\" class=\"users-wp-menu users-wp-page-demande-inscription-groupement-achats-smico-nav users-wp-register-nav menu-item menu-item-type-custom menu-item-object-custom av-menu-button av-menu-button-bordered menu-item-top-level menu-item-top-level-1\"><a href=\"https:\/\/www.smico.fr\/?page_id=14355\" itemprop=\"url\"><span class=\"avia-bullet\"><\/span><span class=\"avia-menu-text\">NOUS CONTACTER<\/span><span class=\"avia-menu-fx\"><span class=\"avia-arrow-wrap\"><span class=\"avia-arrow\"><\/span><\/span><\/span><\/a><\/li>\n<\/ul><\/div><\/div><div class='sticky_placeholder'><\/div>\n<div id='av_section_1'  class='avia-section main_color avia-section-default avia-no-border-styling  avia-bg-style-scroll  avia-builder-el-1  el_after_av_submenu  el_before_av_section   container_wrap fullsize' style=' '  ><div class='container' ><div class='template-page content  av-content-full alpha units'><div class='post-entry post-entry-type-page post-entry-14539'><div class='entry-content-wrapper clearfix'>\n<div class=\"flex_column av_one_fourth  flex_column_div av-zero-column-padding first  avia-builder-el-2  el_before_av_one_fourth  avia-builder-el-first  \" style='border-radius:0px; '><article  class=\"iconbox iconbox_top main_color    avia-builder-el-3  avia-builder-el-no-sibling  \"  itemscope=\"itemscope\" itemtype=\"https:\/\/schema.org\/CreativeWork\" ><div class=\"iconbox_content\"><header class=\"entry-content-header\"><a href=' https:\/\/www.smico.fr\/?page_id=15195' title='NOS PRESTATIONS'  target=\"_blank\"  rel=\"noopener noreferrer\" class=\"iconbox_icon heading-color\" aria-hidden='true' data-av_icon='\ue81e' data-av_iconfont='entypo-fontello'  style='background-color:#002060; border:1px solid #002060; ' ><\/a><h3 class='iconbox_content_title  '  itemprop=\"headline\"   style='color:#000080; font-size:25px; '><a href=' https:\/\/www.smico.fr\/?page_id=15195' title='NOS PRESTATIONS'  target=\"_blank\"  rel=\"noopener noreferrer\">NOS PRESTATIONS<\/a><\/h3><\/header><div class='iconbox_content_container  '  itemprop=\"text\"   style='font-size:20px; '><\/div><\/div><footer class=\"entry-footer\"><\/footer><\/article><\/div><div class=\"flex_column av_one_fourth  flex_column_div av-zero-column-padding   avia-builder-el-4  el_after_av_one_fourth  el_before_av_one_fourth  \" style='border-radius:0px; '><article  class=\"iconbox iconbox_top main_color    avia-builder-el-5  avia-builder-el-no-sibling  \"  itemscope=\"itemscope\" itemtype=\"https:\/\/schema.org\/CreativeWork\" ><div class=\"iconbox_content\"><header class=\"entry-content-header\"><a href='https:\/\/www.smico.fr\/?page_id=12601' title='ASSISTANCE'  target=\"_blank\"  rel=\"noopener noreferrer\" class=\"iconbox_icon heading-color\" aria-hidden='true' data-av_icon='\ue856' data-av_iconfont='entypo-fontello'  style='background-color:#002060; border:1px solid #002060; ' ><\/a><h3 class='iconbox_content_title  '  itemprop=\"headline\"   style='color:#000080; font-size:25px; '><a href='https:\/\/www.smico.fr\/?page_id=12601' title='ASSISTANCE'  target=\"_blank\"  rel=\"noopener noreferrer\">ASSISTANCE<\/a><\/h3><\/header><div class='iconbox_content_container  '  itemprop=\"text\"  ><\/div><\/div><footer class=\"entry-footer\"><\/footer><\/article><\/div><div class=\"flex_column av_one_fourth  flex_column_div av-zero-column-padding   avia-builder-el-6  el_after_av_one_fourth  el_before_av_one_fourth  \" style='border-radius:0px; '><article  class=\"iconbox iconbox_top main_color    avia-builder-el-7  avia-builder-el-no-sibling  \"  itemscope=\"itemscope\" itemtype=\"https:\/\/schema.org\/CreativeWork\" ><div class=\"iconbox_content\"><header class=\"entry-content-header\"><a href='https:\/\/www.smico.fr\/?page_id=12863' title='PUBLICATIONS'  target=\"_blank\"  rel=\"noopener noreferrer\" class=\"iconbox_icon heading-color\" aria-hidden='true' data-av_icon='\ue84e' data-av_iconfont='entypo-fontello'  style='background-color:#002060; border:1px solid #002060; ' ><\/a><h3 class='iconbox_content_title  '  itemprop=\"headline\"   style='color:#000080; font-size:25px; '><a href='https:\/\/www.smico.fr\/?page_id=12863' title='PUBLICATIONS'  target=\"_blank\"  rel=\"noopener noreferrer\">PUBLICATIONS<\/a><\/h3><\/header><div class='iconbox_content_container  '  itemprop=\"text\"   style='font-size:20px; '><\/div><\/div><footer class=\"entry-footer\"><\/footer><\/article><\/div><div class=\"flex_column av_one_fourth  flex_column_div av-zero-column-padding   avia-builder-el-8  el_after_av_one_fourth  avia-builder-el-last  \" style='border-radius:0px; '><article  class=\"iconbox iconbox_top main_color    avia-builder-el-9  avia-builder-el-no-sibling  \"  itemscope=\"itemscope\" itemtype=\"https:\/\/schema.org\/CreativeWork\" ><div class=\"iconbox_content\"><header class=\"entry-content-header\"><a href='https:\/\/www.smico.fr\/?page_id=11239' title='CONTACT'  target=\"_blank\"  rel=\"noopener noreferrer\" class=\"iconbox_icon heading-color\" aria-hidden='true' data-av_icon='\ue83c' data-av_iconfont='entypo-fontello'  style='background-color:#002060; border:1px solid #002060; ' ><\/a><h3 class='iconbox_content_title  '  itemprop=\"headline\"   style='color:#000080; font-size:25px; '><a href='https:\/\/www.smico.fr\/?page_id=11239' title='CONTACT'  target=\"_blank\"  rel=\"noopener noreferrer\">CONTACT<\/a><\/h3><\/header><div class='iconbox_content_container  '  itemprop=\"text\"   style='font-size:20px; '><\/div><\/div><footer class=\"entry-footer\"><\/footer><\/article><\/div><\/div><\/div><\/div><!-- close content main div --><\/div><\/div><div id='av_section_2'  class='avia-section main_color avia-section-default avia-no-border-styling  avia-bg-style-scroll  avia-builder-el-10  el_after_av_section  el_before_av_layout_row   container_wrap fullsize' style=' '  ><div class='container' ><div class='template-page content  av-content-full alpha units'><div class='post-entry post-entry-type-page post-entry-14539'><div class='entry-content-wrapper clearfix'>\n<div  style='padding-bottom:10px; color:#002060;' class='av-special-heading av-special-heading-h1 custom-color-heading blockquote modern-quote modern-centered  avia-builder-el-11  avia-builder-el-no-sibling  '><h1 class='av-special-heading-tag '  itemprop=\"headline\"  >Vous avez des besoins, nous avons la solution&#8230;<\/h1><div class='special-heading-border'><div class='special-heading-inner-border' style='border-color:#002060'><\/div><\/div><\/div>\n<\/p>\n<\/div><\/div><\/div><!-- close content main div --><\/div><\/div><div id='av-layout-grid-1'  class='av-layout-grid-container entry-content-wrapper main_color av-flex-cells     avia-builder-el-12  el_after_av_section  el_before_av_button_big  submenu-not-first container_wrap fullsize' style=' '  >\n<div class=\"flex_cell no_margin av_one_half  avia-builder-el-13  el_before_av_cell_one_half  avia-builder-el-first   \" ><div class='flex_cell_inner' ><div  class='avia-image-container  av-styling-    avia-builder-el-14  avia-builder-el-no-sibling  avia-align-center '  itemprop=\"image\" itemscope=\"itemscope\" itemtype=\"https:\/\/schema.org\/ImageObject\"  ><div class='avia-image-container-inner'><div class='avia-image-overlay-wrap'><img decoding=\"async\" class='wp-image-13876 avia-img-lazy-loading-not-13876 avia_image' src=\"https:\/\/www.smico.fr\/wp-content\/uploads\/HOMMECHAISE.png\" alt='' title='HOMMECHAISE' height=\"952\" width=\"579\"  itemprop=\"thumbnailUrl\" srcset=\"https:\/\/www.smico.fr\/wp-content\/uploads\/HOMMECHAISE.png 579w, https:\/\/www.smico.fr\/wp-content\/uploads\/HOMMECHAISE-182x300.png 182w, https:\/\/www.smico.fr\/wp-content\/uploads\/HOMMECHAISE-429x705.png 429w\" sizes=\"(max-width: 579px) 100vw, 579px\" \/><\/div><\/div><\/div>\n<\/div><\/div><div class=\"flex_cell no_margin av_one_half  avia-builder-el-15  el_after_av_cell_one_half  avia-builder-el-last   \" ><div class='flex_cell_inner' ><section class=\"av_textblock_section \"  itemscope=\"itemscope\" itemtype=\"https:\/\/schema.org\/CreativeWork\" ><div class='avia_textblock  '   itemprop=\"text\" ><h2 style=\"text-align: center;\"><span style=\"color: #002060;\"><em>Notre expertise pour y r\u00e9pondre !<\/em><\/span><\/h2>\n<\/div><\/section><br \/>\n<div  class='avia-button-wrap avia-button-center  avia-builder-el-17  el_after_av_textblock  el_before_av_hr ' ><a href='manually' class='avia-button avia-button-fullwidth   avia-icon_select-no avia-color-light '  style='color:#002060; ' ><span class='avia_iconbox_title' >Jusqu\u2019\u00e0 40 % d\u2019\u00e9conomies r\u00e9alis\u00e9es et garanties <\/span><span class='avia_button_background avia-button avia-button-fullwidth avia-color-light' ><\/span><\/a><\/div><br \/>\n<div  style='height:20px' class='hr hr-invisible   avia-builder-el-18  el_after_av_button_big  el_before_av_hr  avia-builder-el-first '><span class='hr-inner ' ><span class='hr-inner-style'><\/span><\/span><\/div><br \/>\n<div  style='height:30px' class='hr hr-invisible   avia-builder-el-19  el_after_av_hr  el_before_av_image '><span class='hr-inner ' ><span class='hr-inner-style'><\/span><\/span><\/div><br \/>\n<div  class='avia-image-container  av-styling-no-styling    avia-builder-el-20  el_after_av_hr  el_before_av_hr  avia-align-center '  itemprop=\"image\" itemscope=\"itemscope\" itemtype=\"https:\/\/schema.org\/ImageObject\"  ><div class='avia-image-container-inner'><div class='avia-image-overlay-wrap'><a href='https:\/\/www.smico.fr\/?page_id=14168' class='avia_image'  ><img decoding=\"async\" width=\"700\" height=\"780\" class='wp-image-15180 avia-img-lazy-loading-not-15180 avia_image' src=\"https:\/\/www.smico.fr\/wp-content\/uploads\/NOS-PRESTATIONS.png\" alt='' title='NOS PRESTATIONS'  itemprop=\"thumbnailUrl\" srcset=\"https:\/\/www.smico.fr\/wp-content\/uploads\/NOS-PRESTATIONS.png 700w, https:\/\/www.smico.fr\/wp-content\/uploads\/NOS-PRESTATIONS-269x300.png 269w, https:\/\/www.smico.fr\/wp-content\/uploads\/NOS-PRESTATIONS-633x705.png 633w\" sizes=\"(max-width: 700px) 100vw, 700px\" \/><\/a><\/div><\/div><\/div><br \/>\n<div  style='height:30px' class='hr hr-invisible   avia-builder-el-21  el_after_av_image  avia-builder-el-last '><span class='hr-inner ' ><span class='hr-inner-style'><\/span><\/span><\/div><\/p>\n<\/div><\/div>\n<\/div>\n<div  class='avia-button-wrap avia-button-center  avia-builder-el-22  el_after_av_layout_row  avia-builder-el-last ' ><a href='manually' class='avia-button avia-button-fullwidth   avia-icon_select-no avia-color-light '  style='color:#002060; ' ><span class='avia_iconbox_title' >Contactez \u00c9lodie JACQUELINE au 02.33.12.67.67 - mail : contact@smico.fr<\/span><span class='avia_button_background avia-button avia-button-fullwidth avia-color-light' ><\/span><\/a><\/div>\n","protected":false},"excerpt":{"rendered":"","protected":false},"author":2,"featured_media":0,"parent":0,"menu_order":0,"comment_status":"closed","ping_status":"closed","template":"","meta":{"footnotes":""},"class_list":["post-14539","page","type-page","status-publish","hentry"],"_links":{"self":[{"href":"https:\/\/www.smico.fr\/index.php?rest_route=\/wp\/v2\/pages\/14539","targetHints":{"allow":["GET"]}}],"collection":[{"href":"https:\/\/www.smico.fr\/index.php?rest_route=\/wp\/v2\/pages"}],"about":[{"href":"https:\/\/www.smico.fr\/index.php?rest_route=\/wp\/v2\/types\/page"}],"author":[{"embeddable":true,"href":"https:\/\/www.smico.fr\/index.php?rest_route=\/wp\/v2\/users\/2"}],"replies":[{"embeddable":true,"href":"https:\/\/www.smico.fr\/index.php?rest_route=%2Fwp%2Fv2%2Fcomments&post=14539"}],"version-history":[{"count":44,"href":"https:\/\/www.smico.fr\/index.php?rest_route=\/wp\/v2\/pages\/14539\/revisions"}],"predecessor-version":[{"id":15489,"href":"https:\/\/www.smico.fr\/index.php?rest_route=\/wp\/v2\/pages\/14539\/revisions\/15489"}],"wp:attachment":[{"href":"https:\/\/www.smico.fr\/index.php?rest_route=%2Fwp%2Fv2%2Fmedia&parent=14539"}],"curies":[{"name":"wp","href":"https:\/\/api.w.org\/{rel}","templated":true}]}}